 7) to base 16
81ead
Convert 238886 (base 9) to base 5.
14104324
What is 2000201122222 (base 3) in base 9?
2021588
What is 33af4a (base 16) in base 2?
1100111010111101001010
100111111000101111010 (base 2) to base 8
4770572
Convert -c549 (base 15) to base 13.
-15c93
What is 21042554 (base 6) in base 2?
10010101100000000110
-1100101111011000100110 (base 2) to base 16
-32f626
-11db33 (base 15) to base 7
-10164534
What is -23323133130 (base 4) in base 3?
-12212212210110
Convert 52326531 (base 7) to base 4.
100310303001
144c1 (base 13) to base 7
216214
-200000222100200 (base 3) to base 16
-924201
What is -136716 (base 8) in base 7?
-261443
Convert 1dd97b (base 15) to base 7.
15303545
Convert -36507 (base 13) to base 10.
-99717
What is -416a8 (base 12) in base 9?
-140452
What is 4567735 (base 8) in base 2?
100101110111111011101
Convert -38763 (base 11) to base 9.
-84102
-121001000101222 (base 3) to base 12
-2a3038b
What is 333014303 (base 5) in base 10?
1454328
Convert -4e28e (base 16) to base 3.
-121021011010
Convert -31137a8 (base 12) to base 4.
-203032112300
What is -5d1c (base 14) in base 7?
-65335
What is 45625 (base 12) in base 15?
1c602
Convert -102a1c (base 13) to base 5.
-44034102
What is 420404111 (base 5) in base 10?
1731781
-3646742 (base 10) to base 3
-20212021101112
Convert -16262165 (base 9) to base 13.
-18b8a69
Convert 22410242 (base 5) to base 13.
70473
Convert aa70 (base 12) to base 2.
100100101110100
What is 11001111010010011111 (base 2) in base 5?
204132210
Convert -11140545 (base 8) to base 11.
-13a5853
Convert -1bba11 (base 12) to base 4.
-1321123231
Convert c92a36 (base 15) to base 16.
9222d8
2112221002122 (base 3) to base 12
555198
Convert 21023200330 (base 4) to base 14.
468dc0
What is -9581b7 (base 12) in base 8?
-10774033
What is -41044250 (base 7) in base 6?
-201210522
-27a548 (base 11) to base 9
-737524
What is 183418a (base 11) in base 4?
23313020323
What is -6aa752 (base 13) in base 5?
-1122132323
-1205646 (base 7) to base 16
-256da
-300033001033 (base 4) to base 2
-110000001111000001001111
What is 2324756 (base 10) in base 6?
121454432
1220110132 (base 4) to base 6
13054114
What is -2a30b (base 13) in base 4?
-103123322
Convert 10000000000001111 (base 2) to base 10.
65551
Convert 18898 (base 14) to base 12.
2bb06
110022222112 (base 3) to base 13
86648
Convert -302134 (base 6) to base 13.
-aac2
-5e91d (base 15) to base 8
-1116534
Convert -2153230 (base 7) to base 2.
-1000000110000101010
-445021 (base 7) to base 14
-208b8
What is -30411433 (base 5) in base 8?
-743677
18d41b (base 16) to base 13
44c825
567aa6 (base 13) to base 8
7632154
-a7babb (base 12) to base 9
-4884618
-24233244 (base 5) to base 7
-1634516
What is 212713 (base 8) in base 10?
71115
30e0c (base 16) to base 13
70184
8984a7 (base 11) to base 16
15d782
Convert -3122646 (base 9) to base 14.
-316092
Convert 886447 (base 9) to base 7.
4334041
What is -11758461 (base 9) in base 8?
-25777161
What is -85703 (base 10) in base 15?
-1a5d8
-102011012111112 (base 3) to base 7
-101251346
What is -e6e87a (base 15) in base 11?
-6222625
-3eed8 (base 15) to base 4
-301123232
Convert 132133013 (base 7) to base 3.
120222122000102
Convert 398419 (base 12) to base 5.
220310131
-2a7c77 (base 13) to base 4
-3333103011
Convert -3113023023 (base 4) to base 6.
-30520203
-2201210111 (base 3) to base 15
-10e17
602625 (base 8) to base 10
198037
70012 (base 9) to base 2
1011001101110010
Convert 12021010 (base 6) to base 12.
161766
Convert 96616 (base 16) to base 11.
390862
Convert -100220012102122 (base 3) to base 6.
-304420412
What is -421242 (base 8) in base 16?
-222a2
What is 35770040 (base 8) in base 9?
15710217
What is f5313 (base 16) in base 11?
626607
Convert 101000001101110000 (base 2) to base 8.
501560
-1301332323 (base 4) to base 16
-71fbb
Convert 1110011100010010 (base 2) to base 5.
3343104
Convert 1130602 (base 7) to base 15.
2c0da
What is 673507 (base 14) in base 11?
1a84462
Convert -45420 (base 8) to base 14.
-7008
Convert -7572040 (base 9) to base 13.
-ac32c6
What is -a704b7 (base 12) in base 6?
-132243151
What is 12222202010100 (base 3) in base 6?
152123013
Convert 1427275 (base 9) to base 16.
bfeac
What is 75711 (base 15) in base 2?
1011011000001101001
Convert -57123 (base 13) to base 2.
-100110101010101110
Convert 5d888a (base 14) to base 2.
1100010000001110001010
-993121 (base 10) to base 3
-1212110022021
Convert 5b20a4 (base 13) to base 7.
24326405
Convert 40ca1 (base 13) to base 3.
12220200020
Convert 66445605 (base 7) to base 4.
111311330232
5e372 (base 16) to base 7
3165043
Convert 22021220 (base 3) to base 5.
143140
Convert -278259 (base 10) to base 8.
-1037363
What is -2733433 (base 8) in base 10?
-767771
Convert -52214310 (base 6) to base 4.
-11300312202
Convert -341480 (base 11) to base 13.
-16058c
What is -314770 (base 9) in base 7?
-1406634
Convert 4102a9 (base 12) to base 10.
1016481
Convert -12212120101 (base 3) to base 12.
-56a91
32131014 (base 6) to base 5
220220020
Convert 11731376 (base 8) to base 12.
a55766
-289399 (base 15) to base 7
-22421355
What is -1107469 (base 10) in base 13?
-2ca10c
What is -322244441 (base 5) in base 6?
-45200442
-1181821 (base 9) to base 13
-1973b3
Convert 9a409 (base 11) to base 14.
3b0a0
What is -3274151 (base 8) in base 9?
-1584861
110100011001001100011 (base 2) to base 10
1716835
What is -b69dc (base 14) in base 8?
-1535246
Convert 62857b (base 12) to base 15.
208ed8
Convert -225256 (base 9) to base 8.
-407646
What is -100100011111010111100 (base 2) in base 13?
-32b327
4703414 (base 9) to base 6
130250451
What is 74600173 (base 8) in base 2?
111100110000000001111011
Convert -2342244304 (base 5) to base 9.
-11187181
Convert -29c26 (base 14) to base 3.
-12021112200
What is -13311133230 (base 4) in base 12?
-830890
Convert -10111001110110010000100 (base 2) to base 8.
-27166204
Convert -1730232 (base 9) to base 6.
-32402002
Convert 2253462 (base 7) to base 15.
58926
Convert -202303203 (base 5) to base 10.
-822303
What is -86035 (base 14) in base 9?
-543201
Convert 445244 (base 11) to base 12.
2a2869
Convert 12d540c (base 14) to base 10.
9119108
Convert 13f19b (base 16) to base 3.
2110101220201
What is -3516110 (base 7) in base 13?
-125c54
What is -5c7b5d (base 15) in base 2?
-10000111001101011100011
Convert -2277958 (base 11) to base 4.
-33023033010
What is 20202012101 (base 3) in base 14?
36595
-12300421 (base 5) to base 3
-20001001021
-11111010111010110 (base 2) to base 3
-20112020011
What is 2011100000 (base 3) in base 10?
42525
-41550012 (base 6) to base 10
-1211768
What is 157fb (base 16) in base 5?
10304214
-3b57a0 (base 13) to base 10
-1440348
233404203 (base 5) to base 11
675096
15534726 (base 8) to base 14
69507c
1121001210 (base 3) to base 4
13222203
24952 (base 13) to base 9
112527
Convert 12540433 (base 6) to base 13.
118038
-636085 (base 9) to base 16
-5c63c
1372a (base 11) to base 6
230201
What is 4aba4a (base 12) in base 13?
33a9ab
What is -1110000000110001000110 (base 2) in base 11?
-2089775
Convert 134313040 (base 5) to base 13.
1b5873
10603653 (base 7) to base 6
31501510
What is -3054231 (base 6) in base 7?
-1152514
What is -10b047 (base 15) in base 3?
-1111110200111
Convert 1111633 (base 7) to base 16.
2192e
What is 10646157 (base 8) in base 3?
11100112021210
What is 3625 (base 8) in base 9?
2586
Convert -12105000 (base 7) to base 14.
-2008a7
75873 (base 14) to base 5
33044201
357b17 (base 12) to base 7
10225405
Convert 1042422444 (base 5) to base 7.
25433415
41223304 (base 5) to base 14
8a699
What is 4d7ad6 (base 15) in base 7?
43430304
Convert -1020001030 (base 4) to base 6.
-10153404
Convert a7877 (base 14) to base 11.
25734a
Convert -2250003 (base 6) to base 16.
-1c293
-626572 (base 8) to base 11
-132509
What is 102121212111 (base 3) in base 9?
377774
Convert 4355122 (base 7) to base 2.
10000010100100010010
-4345a (base 11) to base 6
-1204054
What is 130111240 (base 5) in base 4?
2121203101
Convert 1100233120 (base 4) to base 15.
67ec7
What is a573 (base 14) in base 4?
12331221
-35b1 (base 14) to base 4
-2102113
-143013002 (base 5) to base 9
-1364156
53122533 (base 6) to base 3
2220210002110
-33434034 (base 8) to base 16
-6e381c
What is -101041003 (base 5) in base 2?
-1100011110100101110
11425 